 and 70.
10
Suppose 2*p + 5*a + 0*a - 25 = 0, -p + 5*a - 10 = 0. Suppose 4*x = -4*z + 39 + 25, -z - 4*x = -4. Calculate the highest common factor of p and z.
5
Suppose -4*p + 125 + 95 = 0. Suppose p = 2*y + 23. Calculate the highest common factor of 4 and y.
4
Let z = 175 + -115. Calculate the highest common factor of 12 and z.
12
Let t = 6 + 10. Let w = 1 + t. Suppose l + 2*n = 91, -2*n - 343 = -4*l - 3*n. Calculate the greatest common factor of l and w.
17
Let h = -34 + 98. Let k be h - (1 + -2 + 5). Calculate the highest common factor of 20 and k.
20
Suppose 2*d + 18 = -5*m, -2*m + 3 = 7. Let i(j) = -5*j - 4. Let s be i(d). Calculate the greatest common divisor of s and 16.
16
Suppose -2*t = -4*t + 4. Let b(z) = z**2 + 5*z + 4. Let w be b(-5). Calculate the greatest common factor of w and t.
2
Let o(m) = 4*m - 2. Let v be o(3). Let f(l) = -2 - 3*l**3 + 2 - l**2 + l + 2. Let t be f(-2). Calculate the highest common divisor of v and t.
10
Suppose i - 2*o = 572, 4*i + o - 4*o = 2313. Suppose 148 = -g - i. Let b = -466 - g. Calculate the highest common divisor of b and 24.
24
Let t(s) = -s + 10. Let v be t(7). Let a(p) = -v + 3*p - p + p**3 - 2*p**2 + 2*p - p**2. Let z be a(2). Calculate the highest common divisor of z and 7.
1
Let j(c) = c**2 - 8*c + 4. Let d be j(8). Suppose w + 6 = d*w. Let y be 5/(-15) + (-20)/(-6). What is the highest common factor of y and w?
1
Let h be (5 - 1)*1/(-2). Let f(z) = -5*z**2 - 2. Let b be f(h). Let i = b + 32. What is the highest common factor of i and 40?
10
Let b(g) = g**2 + 5*g. Let l be b(-6). Let c = l - -8. Suppose -62 + 440 = 3*n. What is the highest common factor of n and c?
14
Let n(l) = l**2 - l. Let g be n(3). Let z be (-5 - -2) + 7/1. Let f be (7 - 3)/(z/6). Calculate the highest common factor of f and g.
6
Let x be ((-10)/(-15))/(2/12). Suppose 3*c - x*h = 10, 14 + 1 = 5*c - 5*h. Suppose -c*i + 88 + 52 = 0. What is the greatest common factor of 28 and i?
14
Let u(t) = -13*t. Let q be u(-3). Suppose -9 = 2*d - q. Let b = -172 + 247. Calculate the greatest common divisor of d and b.
15
Let y(p) = 3*p**2 - 8*p - 10. Let a be y(-4). Calculate the highest common divisor of a and 10.
10
Let b(u) = -u + 4. Let k be b(-4). Suppose -8*m = -3*m + 745. Let l = -61 - m. What is the highest common divisor of k and l?
8
Suppose 2*k = -0 + 4. Suppose 48 = 4*w - 3*b - 25, k*b = -4*w + 58. Suppose 12 = 5*m + 2. Calculate the highest common divisor of w and m.
2
Let r(l) = -l**3 + 7*l**2 + 7*l + 11. Let b be r(8). What is the greatest common factor of b and 33?
3
Let v(u) = -9*u - 1. Suppose -20 = -4*y, 2*q - 19 = -3*y - 6. Let s be v(q). Calculate the highest common factor of 12 and s.
4
Let u(f) = -9*f + 1. Let r be u(-3). What is the highest common factor of 14 and r?
14
Let v(g) = -g**2 + 18. Let u be v(0). Let l(r) = -r - 10. Let s be l(-16). Calculate the highest common factor of u and s.
6
Suppose k + 3*k - 24 = 0. Suppose 5*j + f - 28 = 0, 3*f - 9 - 3 = -3*j. What is the highest common divisor of k and j?
6
Let q = -4 + 3. Let j be (-54)/(-4) + q/2. What is the highest common factor of 143 and j?
13
Let d(f) = -14*f - 34. Let a be d(-15). What is the greatest common factor of a and 16?
16
Suppose -5*p = 3*k - 774, k + 8 = 6. What is the greatest common divisor of p and 39?
39
Let x be (1 - 1)/(1/1). Let u be (-1 - x)/((-1)/10). Let l = 64 + -34. Calculate the highest common divisor of l and u.
10
Suppose -49 = 4*n - i - 127, 5*i = 10. Suppose w - h - 78 = -n, -2*w = 4*h - 110. What is the greatest common divisor of w and 19?
19
Let a be (-1 - -1)*5/10. Suppose -4*w + 39 + 5 = a. What is the greatest common factor of w and 66?
11
Let g = -575 + 386. Let o = 378 + g. What is the highest common divisor of 21 and o?
21
Let p(w) = -w**2 - 6*w + 4. Let o = -8 + 0. Let x = o - -5. Let b be p(x). What is the highest common divisor of 13 and b?
13
Suppose 0 = 3*u + 5*a - 17, u - a + 5*a = -6. Let b(d) = 13*d - 8. Let y be 6/15 + 28/5. Let r be b(y). What is the highest common factor of r and u?
14
Let b(v) = 4*v**2 + 8*v + 3. Let r = -5 - 0. Let s be b(r). What is the highest common divisor of s and 9?
9
Let f = -454 + 208. Let n = -176 - f. Let s = 7 + 3. Calculate the highest common factor of n and s.
10
Suppose -a - 2*a = -288. Suppose 24 = j - v - v, 3*v + a = 4*j. Calculate the highest common factor of 12 and j.
12
Let z = 42 - 18. Let r = -302 + 187. Let p = -79 - r. What is the greatest common divisor of p and z?
12
Let v(b) = 2*b + 10. Let p(u) = 1. Let o(c) = 4*p(c) - v(c). Let t be o(-4). Let h be 18 + 1 + t - 1. Calculate the greatest common factor of h and 4.
4
Suppose 5*b - 21 = 4*b. Calculate the highest common factor of 3 and b.
3
Let o(a) = a**3 - 5*a**2 - 7*a + 5. Let x be o(6). Let k be (x - 2 - -2) + 184. Let w = -99 + k. Calculate the highest common factor of w and 12.
12
Let z(y) = y**2 - 2*y - 14. Let m be z(-5). Calculate the highest common factor of 42 and m.
21
Let m = -6 + 15. What is the highest common divisor of m and 6?
3
Suppose 169 = 5*l - 46. Let s = 22 - l. Let p be s/3*(-1 - 2). What is the greatest common factor of p and 3?
3
Let w(p) = 38*p + 2. Let q be w(2). Suppose 0 = -2*u - 3*n - 82, -5*u - 233 + q = -5*n. Let b be 2/(-7) + (-45)/u. What is the highest common factor of b and 3?
1
Suppose -6 = -2*h + 8. Suppose 4*u + 364 = -2*i + 6*i, 5*i + 3*u - 423 = 0. Let j = i + -10. Calculate the greatest common factor of j and h.
7
Let s = 71 + 20. What is the greatest common factor of 13 and s?
13
Suppose -189 = -q - 2*q + 5*y, 0 = -4*q - 2*y + 252. Calculate the highest common factor of q and 18.
9
Suppose 3*u - 4*u + 19 = 0. Let c(l) = -25*l - 5. Let o be c(-4). Calculate the highest common factor of u and o.
19
Suppose -14 + 4 = -5*m. Let c(s) = s**2 + 3*s + 3. Let r be 0 - 6 - (0 + -3). Let k be c(r). What is the highest common factor of k and m?
1
Suppose 4*c + 0*n + 5*n = 199, 2*n - 236 = -5*c. What is the greatest common factor of 115 and c?
23
Suppose 5*a + q + 3*q = 70, -2*a = 3*q - 35. What is the highest common divisor of a and 60?
10
Let d(z) be the first derivative of z**3 + 5*z**2/2 + 6*z - 1. Let u be d(-5). Suppose 0 = -3*n + 2*n + 7. What is the highest common factor of u and n?
7
Let i = 92 + -12. Calculate the highest common factor of 10 and i.
10
Let v(g) = -44*g + 3. Let z be v(-3). What is the highest common divisor of 27 and z?
27
Suppose 2*f - 231 = -5*g, 0*g = 3*g + 15. Calculate the greatest common divisor of f and 8.
8
Suppose -5*s - 5 = 0, 0*j = j - 4*s - 5. Let f(i) = -i**3 - 2*i + 1. Let u be f(j). Let k be 0 + 11 + 2/u. Calculate the greatest common factor of k and 70.
10
Let k(x) = 31*x + 8. Let c be k(7). Calculate the highest common divisor of c and 25.
25
Let r be (-3)/(-4)*120/5. Let b(q) be the first derivative of 2*q**2 - 3*q - 3. Let s be b(3). What is the highest common factor of s and r?
9
Let z = -226 - -136. Let w = z - -132. Let k(v) = 13*v + 2. Let j be k(2). Calculate the greatest common divisor of j and w.
14
Let u be (-502)/(-14) - 2/(-14). What is the greatest common divisor of u and 4?
4
Let t be 0*(-1)/2 - -4. Let f(s) be the first derivative of s**4/4 - 7*s**3/3 + s**2 - 6*s - 3. Let q be f(7). What is the highest common divisor of t and q?
4
Let y(b) = b**2 + 2*b - 13. Let u = 14 + -8. Let o be y(u). What is the greatest common divisor of 5 and o?
5
Suppose 4*m = -3*s + 76, 5*m = 8*s - 7*s. What is the greatest common factor of s and 160?
20
Suppose 4*f = g - 1 + 6, 2*f - 5*g - 7 = 0. Suppose q = 2 - f. Calculate the greatest common factor of 9 and q.
1
Suppose 0 = 2*l + l - 15. Suppose -3*d = -1 - l. Suppose -4*w - 12 = -d*z + 8, -2*z + 20 = 5*w. What is the greatest common factor of z and 40?
10
Let h be (-5 + 1 + -1)/(-1). Suppose 2*d - 15 = -h, -4*c + 56 = 4*d. Suppose -11 = -5*s + c. What is the greatest common factor of s and 20?
4
Let j = 19 - 13. Suppose -j = -4*f + 14. Suppose 7*l - 3*l - 25 = -f*h, 13 = 3*h + 2*l. What is the greatest common factor of 9 and h?
1
Let n = 2 - -3. Suppose -y - 5 = n*w, 2*w = 3*y - w - 39. What is the highest common factor of 110 and y?
10
Suppose 5*i - 16 = -g, 2*g + 2*i - 7*i = 32. Suppose 3*a - g = 2*a. Calculate the greatest common divisor of a and 8.
8
Let w be -478*(12/(-8) + 1) + -